alse
Is 678877 a composite number?
True
Is 9029 prime?
True
Is 685393 composite?
False
Is 8818 a prime number?
False
Is 373 a composite number?
False
Is 83339 a prime number?
True
Is 148847 a composite number?
True
Is 40351 composite?
False
Is 185441 a composite number?
False
Is 72983 a composite number?
True
Is 409711 a composite number?
False
Is 19771 composite?
True
Is 69953 prime?
False
Is 48383 prime?
True
Is 33683 composite?
True
Is 7279 a composite number?
True
Is 21089 prime?
True
Is 470929 prime?
False
Is 5563 a prime number?
True
Is 12297 prime?
False
Is 707717 a composite number?
False
Is 3225407 composite?
False
Is 37817 composite?
True
Is 20459 prime?
False
Is 5071 a prime number?
False
Is 88721 composite?
False
Is 8743 prime?
False
Is 774665 a prime number?
False
Is 8939 prime?
False
Is 793 composite?
True
Is 60419 composite?
True
Is 2819 composite?
False
Is 80513 a prime number?
True
Is 31399 a prime number?
False
Is 24197 a composite number?
False
Is 7433 composite?
False
Is 3076991 a composite number?
False
Is 32729 composite?
True
Is 7801 a composite number?
True
Is 20337 composite?
True
Is 82982 prime?
False
Is 11545 a prime number?
False
Is 65903 a composite number?
True
Is 34123 prime?
True
Is 1823 composite?
False
Is 405595 a prime number?
False
Is 196843 composite?
True
Is 6349 composite?
True
Is 31469 a composite number?
False
Is 5779 composite?
False
Is 782371 prime?
True
Is 292849 composite?
False
Is 36485 prime?
False
Is 23915 prime?
False
Is 30959 a prime number?
False
Is 15581 composite?
False
Is 384359 prime?
True
Is 31733 a prime number?
False
Is 12451 a composite number?
False
Is 41113 composite?
False
Is 5539 a composite number?
True
Is 10411 composite?
True
Is 436081 a composite number?
False
Is 85817 a composite number?
False
Is 10717 composite?
True
Is 53479 a composite number?
False
Is 95701 prime?
True
Is 1214351 a composite number?
True
Is 371437 a prime number?
False
Is 8843 composite?
True
Is 1958417 composite?
True
Is 3079 composite?
False
Is 195523 a composite number?
True
Is 35303 a prime number?
False
Is 19811 prime?
False
Is 6773 a prime number?
False
Is 432353 prime?
False
Is 119759 a composite number?
False
Is 7699 a composite number?
False
Is 2798957 composite?
True
Is 343709 a composite number?
False
Is 145687 prime?
True
Is 23929 prime?
True
Is 240473 composite?
False
Is 9197 prime?
False
Is 257903 a composite number?
False
Is 185 composite?
True
Is 188107 composite?
False
Is 159521 composite?
False
Is 23497 prime?
True
Is 68473 a composite number?
False
Is 36485 a prime number?
False
Is 3038531 prime?
False
Is 8147 prime?
True
Is 4439 a prime number?
False
Is 32251 prime?
True
Is 1711 composite?
True
Is 268691 prime?
False
Is 1811 a composite number?
False
Is 7079 a composite number?
False
Is 137213 a composite number?
True
Is 6143 a composite number?
False
Is 43879 a composite number?
True
Is 7981 a composite number?
True
Is 115831 composite?
False
Is 157715 a prime number?
False
Is 145931 a composite number?
False
Is 2314583 prime?
True
Is 150359 a composite number?
True
Is 122593 a composite number?
True
Is 13211 prime?
False
Is 199 a prime number?
True
Is 493447 composite?
False
Is 302317 a composite number?
False
Is 145253 prime?
True
Is 22901 prime?
True
Is 1969 composite?
True
Is 33679 composite?
False
Is 15727 a composite number?
False
Is 57167 a composite number?
True
Is 58537 a composite number?
False
Is 45295 composite?
True
Is 11665 a composite number?
True
Is 71731 prime?
False
Is 4742 composite?
True
Is 5506849 prime?
False
Is 17455 composite?
True
Is 34393 a prime number?
False
Is 48643 a composite number?
True
Is 499 a prime number?
True
Is 23703 a prime number?
False
Is 888533 composite?
False
Is 6860929 prime?
True
Is 2939 composite?
False
Is 2479 composite?
True
Is 20261 prime?
True
Is 4271 a prime number?
True
Is 1100633 composite?
True
Is 587 composite?
False
Is 71527 a prime number?
True
Is 105899 prime?
True
Is 564323 a prime number?
True
Is 266659 a composite number?
True
Is 528523 a composite number?
True
Is 103153 prime?
False
Is 39313 prime?
True
Is 9293 a composite number?
False
Is 860933 composite?
True
Is 4237 composite?
True
Is 1037401 prime?
True
Is 105919 composite?
True
Is 951997 a prime number?
True
Is 146719 composite?
False
Is 339223 composite?
False
Is 46853 a prime number?
True
Is 342571 composite?
True
Is 1255 a composite number?
True
Is 286589 composite?
False
Is 55609 a composite number?
False
Is 8390513 composite?
False
Is 43531 composite?
True
Is 223903 composite?
False
Is 24899 a composite number?
True
Is 199883 composite?
True
Is 411 prime?
False
Is 3403 composite?
True
Is 59569 a composite number?
True
Is 3994 a composite number?
True
Is 12013 prime?
False
Is 72031 a prime number?
True
Is 68141 a composite number?
False
Is 3946 a prime number?
False
Is 321 a composite number?
True
Is 73547 composite?
False
Is 3181 composite?
False
Is 1243 composite?
True
Is 1213 prime?
True
Is 9689 a prime number?
True
Is 3482 composite?
True
Is 316451 a composite number?
True
Is 1199459 a composite number?
False
Is 496047 composite?
True
Is 9662 prime?
False
Is 1125121 a prime number?
True
Is 5549 a composite number?
True
Is 45614 a prime number?
False
Is 671 a composite number?
True
Is 365 a prime number?
False
Is 21685 a composite number?
True
Is 21269 a composite number?
False
Is 140255 a composite number?
True
Is 241771 a prime number?
True
Is 15223 composite?
True
Is 435437 a composite number?
False
Is 2999 a composite number?
False
Is 137303 prime?
True
Is 1082017 a composite number?
False
Is 23501 composite?
True
Is 381737 a composite number?
False
Is 105151 composite?
True
Is 4049 composite?
False
Is 978778 prime?
False
Is 5245 prime?
False
Is 1801 a prime number?
True
Is 200227 prime?
True
Is 416317 a prime number?
False
Is 5033 a prime number?
False
Is 2349449 composite?
True
Is 24787 a prime number?
False
Is 359929 a prime number?
True
Is 16771 composite?
True
Is 579947 composite?
False
Is 331711 prime?
True
Is 8039 prime?
True
Is 76421 composite?
False
Is 272507 prime?
True
Is 6689 a prime number?
True
Is 667969 prime?
False
Is 1895 a composite number?
True
Is 25249 composite?
True
Is 706619 composite?
True
Is 45641 a prime number?
True
Is 382607 prime?
False
Is 27317 a composite number?
True
Is 2660807 a prime number?
False
Is 48299 prime?
True
Is 1756679 a prime number?
False
Is 628561 a prime number?
True
Is 30151 a prime number?
False
Is 428333 a composite number?
True
Is 114059 a composite number?
True
Is 73847 composite?
False
Is 5923 prime?
True
Is 48649 prime?
True
Is 479059 composite?
True
Is 675223 a composite number?
True
Is 34007 prime?
False
Is 747779 a prime number?
False
Is 30505 a composite number?
True
Is 1451 composite?
False
Is 206293 a composite number?
True
Is 19801 composite?
False
Is 8203 a prime number?
False
Is 68219 a composite number?
False
Is 162353 a prime number?
False
Is 8223 a prime number?
False
Is 88379 a prime number?
True
Is 264817 a composite number?
True
Is 3155 a prime number?
False
Is 239665 a composite number?
True
Is 53657 a composite number?
False
Is 825683 a prime number?
False
Is 204887 a composite number?
False
Is 342569 a composite number?
False
Is 6609 prime?
False
Is 674911 a composite number?
True
Is 13381 a composite number?
False
Is 161683 a prime number?
True
Is 4267 composite?
True
Is 48549 composite?
True
Is 9091 composite?
False
Is 15307 a prime number?
True
Is 15131 a composite number?
False
Is 1099 a composite number?
True
Is 145309 a composite number?
True
Is 8923 composite?
False
Is 45377 composite?
False
Is 659 prime?
True
Is 36451 composite?
False
Is 2927 prime?
True
Is 500515 composite?
True
Is 153521 a prime number?
True
Is 20179 a prime number?
False
Is 1263827 prime?
False
Is 833891 a prime number?
False
Is 147011 a prime number?
True
Is 2333 composite?
False
Is 363119 a prime number?
True
Is 38261 a prime number?
True
Is 1042 a prime number?
False
Is 11657 composite?
False
Is 9299 prime?
False
Is 4678 composite?
True
Is 57329 a composite number?
False
Is 20779 prime?
False
Is 33311 prime?
True
Is 7179 a prime number?
False
Is 67289 prime?
True
Is 307 a composite number?
False
Is 